{"id":44,"date":"2013-05-03T08:26:44","date_gmt":"2013-05-03T08:26:44","guid":{"rendered":"https:\/\/en.uyghuracademy.org\/?page_id=44"},"modified":"2023-11-23T11:06:16","modified_gmt":"2023-11-23T11:06:16","slug":"contact","status":"publish","type":"page","link":"https:\/\/en.uyghuracademy.org\/?page_id=44","title":{"rendered":"Contact"},"content":{"rendered":"<p><strong><a href=\"https:\/\/en.uyghuracademy.org\/wp-content\/uploads\/2013\/05\/iletisim.jpg\"><img loading=\"lazy\" decoding=\"async\" class=\"alignright size-full wp-image-367\" src=\"https:\/\/en.uyghuracademy.org\/wp-content\/uploads\/2013\/05\/iletisim.jpg\" alt=\"\" width=\"279\" height=\"274\" \/><\/a><span style=\"color: #0000ff;\">Uyghur Academy<\/span><\/strong><\/p>\n<p>Address: Adres: Kartaltepe Mah. Merkez Cad. 3 Y\u0131ld\u0131z Sok. No: 2, Pamuklar \u0130\u015f Merkezi, Kat: 3,\u00a0 K\u00fc\u00e7\u00fck\u00e7ekmece \/ \u0130stanbul<\/p>\n<p>Note: Our office is near to <span style=\"color: #0000ff;\">Sefak\u00f6y Metrobus Station<\/span> &amp; <span style=\"color: #0000ff;\">Bus Station.<\/span><\/p>\n<p>Mobile: +90 &#8211; 530 667 78 51<\/p>\n<p>E-mail:\u00a0<a href=\"mailto: bilgi@en.uyghuracademy.org\">bilgi@en.uyghuracademy.org<\/a><\/p>\n<p>Web-1: <a title=\"\" href=\"http:\/\/akademiye.org\/ug\/\" target=\"_blank\" rel=\"noopener noreferrer\">www.akademiye.com\/en\/<\/a><\/p>\n<p>Web-2: <a title=\"\" href=\"http:\/\/uyghuracademy.org\/\" target=\"_blank\" rel=\"noopener noreferrer\">uyghuracademy.org<\/a><\/p>\n<hr \/>\n<p dir=\"ltr\"><span style=\"color: #0000ff;\"><strong>Uyghur Academy, USA<\/strong><\/span><\/p>\n<p dir=\"ltr\">President: Dr. Erkin Abliz<\/p>\n<p dir=\"ltr\">Mobile: 001-5712747266<\/p>\n<p dir=\"ltr\">E-mail:\u00a0uyghuracademy.america@gmail.com<\/p>\n<p dir=\"ltr\">Web Site: http:\/\/uyghuracademy.org\/usa\/<\/p>\n<hr \/>\n<p dir=\"ltr\"><strong><span style=\"color: #0000ff;\">Uyghur Academy, Europe<\/span><\/strong><\/p>\n<p dir=\"ltr\">President: Dr. Abduxukur Abdurixit<\/p>\n<p dir=\"ltr\">Chairman: 0041-794497325<\/p>\n<p dir=\"ltr\">E-mail: europe@uyghuracademy.org<\/p>\n<p dir=\"ltr\">Web Site: http:\/\/uyghuracademy.org\/europe\/<\/p>\n<hr \/>\n<p><a title=\"\" href=\"http:\/\/www.facebook.com\/pages\/Uyghur-Academy\/127692677312761\" target=\"_blank\" rel=\"noopener noreferrer\">Uyghur Academy Facebook<\/a><\/p>\n<p><span style=\"color: #0000ff;\"><a href=\"https:\/\/www.youtube.com\/user\/uyghuracademy\" target=\"_blank\" rel=\"noopener noreferrer\">Uyghur Academy Youtube<\/a><\/span><\/p>\n<p><strong><span style=\"color: #0000ff;\">Uyghur Academy on Google Maps<\/span><\/strong><\/p>\n<p>Note: Our office is near to <span style=\"color: #0000ff;\">Sefak\u00f6y Metrobus Station<\/span> &amp; <span style=\"color: #0000ff;\">Bus Station.<\/span><\/p>\n<p><iframe loading=\"lazy\" style=\"border: 0;\" src=\"https:\/\/www.google.com\/maps\/embed?pb=!1m14!1m8!1m3!1d12041.864691009827!2d28.932372!3d41.015056!3m2!1i1024!2i768!4f13.1!3m3!1m2!1s0x0%3A0xc445155f93f0d87!2sUygur+Akademisi!5e0!3m2!1str!2str!4v1500574499349\" width=\"610\" height=\"400\" frameborder=\"0\" allowfullscreen=\"allowfullscreen\"><\/iframe><\/p>\n","protected":false},"excerpt":{"rendered":"<p>Uyghur Academy Address: Adres: Kartaltepe Mah. Merkez Cad. 3 Y\u0131ld\u0131z Sok. No: 2, Pamuklar \u0130\u015f Merkezi, Kat: 3,\u00a0 K\u00fc\u00e7\u00fck\u00e7ekmece \/ \u0130stanbul Note: Our office is near to Sefak\u00f6y Metrobus Station &amp; Bus Station. Mobile: +90 &#8211; 530 667 78 51 E-mail:\u00a0bilgi@en.uyghuracademy.org Web-1: www.akademiye.com\/en\/ Web-2: uyghuracademy.org Uyghur Academy, USA President: Dr. Erkin Abliz Mobile: 001-5712747266 E-mail:\u00a0uyghuracademy.america@gmail.com [&hellip;]<\/p>\n","protected":false},"author":8,"featured_media":0,"parent":0,"menu_order":5,"comment_status":"open","ping_status":"closed","template":"","meta":{"footnotes":""},"class_list":["post-44","page","type-page","status-publish","hentry"],"_links":{"self":[{"href":"https:\/\/en.uyghuracademy.org\/index.php?rest_route=\/wp\/v2\/pages\/44","targetHints":{"allow":["GET"]}}],"collection":[{"href":"https:\/\/en.uyghuracademy.org\/index.php?rest_route=\/wp\/v2\/pages"}],"about":[{"href":"https:\/\/en.uyghuracademy.org\/index.php?rest_route=\/wp\/v2\/types\/page"}],"author":[{"embeddable":true,"href":"https:\/\/en.uyghuracademy.org\/index.php?rest_route=\/wp\/v2\/users\/8"}],"replies":[{"embeddable":true,"href":"https:\/\/en.uyghuracademy.org\/index.php?rest_route=%2Fwp%2Fv2%2Fcomments&post=44"}],"version-history":[{"count":30,"href":"https:\/\/en.uyghuracademy.org\/index.php?rest_route=\/wp\/v2\/pages\/44\/revisions"}],"predecessor-version":[{"id":2093,"href":"https:\/\/en.uyghuracademy.org\/index.php?rest_route=\/wp\/v2\/pages\/44\/revisions\/2093"}],"wp:attachment":[{"href":"https:\/\/en.uyghuracademy.org\/index.php?rest_route=%2Fwp%2Fv2%2Fmedia&parent=44"}],"curies":[{"name":"wp","href":"https:\/\/api.w.org\/{rel}","templated":true}]}}